{"id":6113,"date":"2024-09-04T09:39:36","date_gmt":"2024-09-04T08:39:36","guid":{"rendered":"https:\/\/domomladinepancevo.rs\/?post_type=tribe_events&#038;p=6113"},"modified":"2024-09-04T09:39:36","modified_gmt":"2024-09-04T08:39:36","slug":"r47-treci-dan","status":"publish","type":"tribe_events","link":"https:\/\/domomladinepancevo.rs\/?tribe_events=r47-treci-dan","title":{"rendered":"\u042047 &#8211; \u0422\u0440\u0435\u045b\u0438 \u0434\u0430\u043d"},"content":{"rendered":"<p>[vc_row][vc_column][vc_column_text]\u0421\u0443\u0431\u043e\u0442\u0430, 14. \u0441\u0435\u043f\u0442\u0435\u043c\u0431\u0430\u0440<br \/>\n16.00 \u0447\u0430\u0441\u043e\u0432\u0430<br \/>\n\u041f\u043b\u0430\u0442\u043e \u041c\u0438\u043b\u0430\u043d\u0430 \u041c\u043b\u0430\u0434\u0435\u043d\u043e\u0432\u0438\u045b\u0430 \/ \u041c\u0430\u043b\u0438 \u043a\u043b\u0443\u0431<br \/>\n\u0414\u043e\u043c \u043e\u043c\u043b\u0430\u0434\u0438\u043d\u0435 \u041f\u0430\u043d\u0447\u0435\u0432\u043e, \u0421\u0432\u0435\u0442\u043e\u0433 \u0421\u0430\u0432\u0435 10, \u041f\u0430\u043d\u0447\u0435\u0432\u043e<\/p>\n<p><strong>Knji\u017eevna radionica za autore i posetioce festivala<\/strong><br \/>\n<strong>Moderira: Gorica Radmilovi\u0107<\/strong><\/p>\n<p>Knji\u017eevna radionica u okviru festivala Rukopisi je najdragocenije vreme provedeno sa mladim autorima. To je prilika za me\u0111usobno upoznavanje i razmenu iskustava, kao i informacija u vezi sa objavljivanjem radova, ili na\u010dinom funkcionisanja knji\u017eevnih scena u regionu. Knji\u017eevna radionica je mesto susreta i razgovora o knji\u017eevnosti, i priprema je za glavni program \u2013 \u010ditanje radova.<\/p>\n<p>\u0421\u0443\u0431\u043e\u0442\u0430, 14. \u0441\u0435\u043f\u0442\u0435\u043c\u0431\u0430\u0440<br \/>\n19.00 \u010dasova<br \/>\nMesto: Dvorana Apolo, Maksima Gorkog 6. Pan\u010devo<\/p>\n<p><strong>Promocija Rukopisa 47 \u2013 glavni program<\/strong><\/p>\n<p>Moderatori: Jasmina Topi\u0107, Stefan Stanojevi\u0107<\/p>\n<p>Za nas je radost i pravi praznik prilika da se svake godine, na glavnom programu festivala, predstave autori uvr\u0161teni u aktuelne Rukopise. Slu\u0161amo poeziju i kratku prozu iz Srbije, ali i na\u0161ih gostiju iz Bosne i Hercegovine, Crne Gore, Slovenije, Hrvatske i Makedonije. U mno\u0161tvu i melodi\u010dnosti jezika, u\u017eivamo u kreativnim ostvarenjima od\u0161tampanim me\u0111u korice Rukopisa 47, a potom nastavljamo dru\u017eenje uz poslu\u017eenje i dobru muziku.[\/vc_column_text][\/vc_column][\/vc_row][vc_row][vc_column][\/vc_column][\/vc_row]<\/p>\n","protected":false},"excerpt":{"rendered":"<p>[vc_row][vc_column][vc_column_text]\u0421\u0443\u0431\u043e\u0442\u0430, 14. \u0441\u0435\u043f\u0442\u0435\u043c\u0431\u0430\u0440 16.00 \u0447\u0430\u0441\u043e\u0432\u0430 \u041f\u043b\u0430\u0442\u043e \u041c\u0438\u043b\u0430\u043d\u0430 \u041c\u043b\u0430\u0434\u0435\u043d\u043e\u0432\u0438\u045b\u0430 \/ \u041c\u0430\u043b\u0438 \u043a\u043b\u0443\u0431 \u0414\u043e\u043c \u043e\u043c\u043b\u0430\u0434\u0438\u043d\u0435 \u041f\u0430\u043d\u0447\u0435\u0432\u043e, \u0421\u0432\u0435\u0442\u043e\u0433 \u0421\u0430\u0432\u0435 10, \u041f\u0430\u043d\u0447\u0435\u0432\u043e Knji\u017eevna radionica za autore [&hellip;]<\/p>\n","protected":false},"author":1,"featured_media":6026,"comment_status":"open","ping_status":"closed","template":"","meta":{"_tribe_events_status":"","_tribe_events_status_reason":"","footnotes":""},"tags":[],"tribe_events_cat":[278,280],"class_list":["post-6113","tribe_events","type-tribe_events","status-publish","has-post-thumbnail","hentry","tribe_events_cat-knjizevnost","tribe_events_cat-predavanje","cat_knjizevnost","cat_predavanje"],"_links":{"self":[{"href":"https:\/\/domomladinepancevo.rs\/index.php?rest_route=\/wp\/v2\/tribe_events\/6113"}],"collection":[{"href":"https:\/\/domomladinepancevo.rs\/index.php?rest_route=\/wp\/v2\/tribe_events"}],"about":[{"href":"https:\/\/domomladinepancevo.rs\/index.php?rest_route=\/wp\/v2\/types\/tribe_events"}],"author":[{"embeddable":true,"href":"https:\/\/domomladinepancevo.rs\/index.php?rest_route=\/wp\/v2\/users\/1"}],"replies":[{"embeddable":true,"href":"https:\/\/domomladinepancevo.rs\/index.php?rest_route=%2Fwp%2Fv2%2Fcomments&post=6113"}],"version-history":[{"count":1,"href":"https:\/\/domomladinepancevo.rs\/index.php?rest_route=\/wp\/v2\/tribe_events\/6113\/revisions"}],"predecessor-version":[{"id":6114,"href":"https:\/\/domomladinepancevo.rs\/index.php?rest_route=\/wp\/v2\/tribe_events\/6113\/revisions\/6114"}],"wp:featuredmedia":[{"embeddable":true,"href":"https:\/\/domomladinepancevo.rs\/index.php?rest_route=\/wp\/v2\/media\/6026"}],"wp:attachment":[{"href":"https:\/\/domomladinepancevo.rs\/index.php?rest_route=%2Fwp%2Fv2%2Fmedia&parent=6113"}],"wp:term":[{"taxonomy":"post_tag","embeddable":true,"href":"https:\/\/domomladinepancevo.rs\/index.php?rest_route=%2Fwp%2Fv2%2Ftags&post=6113"},{"taxonomy":"tribe_events_cat","embeddable":true,"href":"https:\/\/domomladinepancevo.rs\/index.php?rest_route=%2Fwp%2Fv2%2Ftribe_events_cat&post=6113"}],"curies":[{"name":"wp","href":"https:\/\/api.w.org\/{rel}","templated":true}]}}

Р47 &#8211; Трећи дан

<p>[vc_row][vc_column][vc_column_text]Субота, 14. септембар<br />
16.00 часова<br />
Плато Милана Младеновића / Мали клуб<br />
Дом омладине Панчево, Светог Саве 10, Панчево</p>
<p><strong>Književna radionica za autore i posetioce festivala</strong><br />
<strong>Moderira: Gorica Radmilović</strong></p>
<p>Književna radionica u okviru festivala Rukopisi je najdragocenije vreme provedeno sa mladim autorima. To je prilika za međusobno upoznavanje i razmenu iskustava, kao i informacija u vezi sa objavljivanjem radova, ili načinom funkcionisanja književnih scena u regionu. Književna radionica je mesto susreta i razgovora o književnosti, i priprema je za glavni program – čitanje radova.</p>
<p>Субота, 14. септембар<br />
19.00 časova<br />
Mesto: Dvorana Apolo, Maksima Gorkog 6. Pančevo</p>
<p><strong>Promocija Rukopisa 47 – glavni program</strong></p>
<p>Moderatori: Jasmina Topić, Stefan Stanojević</p>
<p>Za nas je radost i pravi praznik prilika da se svake godine, na glavnom programu festivala, predstave autori uvršteni u aktuelne Rukopise. Slušamo poeziju i kratku prozu iz Srbije, ali i naših gostiju iz Bosne i Hercegovine, Crne Gore, Slovenije, Hrvatske i Makedonije. U mnoštvu i melodičnosti jezika, uživamo u kreativnim ostvarenjima odštampanim među korice Rukopisa 47, a potom nastavljamo druženje uz posluženje i dobru muziku.[/vc_column_text][/vc_column][/vc_row][vc_row][vc_column][/vc_column][/vc_row]</p>

<p>[vc_row][vc_column][vc_column_text]Субота, 14. септембар 16.00 часова Плато Милана Младеновића / Мали клуб Дом омладине Панчево, Светог Саве 10, Панчево Književna radionica za autore [&hellip;]</p>
